
Let n be 3350/20*12/15. Calculate the highest common factor of n and 737.
67
Suppose 0 = -0*c - 5*c - 195. Let j = -23 - c. Suppose 20*r = 18*r + 5*s - 6, 3*s = -2*r + 10. What is the greatest common factor of r and j?
2
Suppose 5*y - 315 = -3*q, 10*y = -2*q + 6*y + 212. Calculate the greatest common divisor of 40 and q.
20
Let o be 25 - -1 - (2 - 2). Suppose 0 = -4*d - g - 1259, -d - 6*g = -g + 291. Let j = d + 446. What is the greatest common factor of j and o?
26
Suppose 5*o - w + 0 - 12 = 0, w = -5*o + 18. Let f(j) = -2*j + 7. Let s be f(o). Calculate the greatest common factor of 11 and s.
1
Let n(t) be the first derivative of 4*t**2 - 10*t + 82. Let w = -10 + 17. Let q be n(w). Calculate the highest common divisor of q and 23.
23
Suppose 40*g = 39*g - 4. Let i be -1 - (-8 + g - 4). Calculate the greatest common divisor of 75 and i.
15
Let k(c) = c + 1. Let h be k(3). Let g be (-2)/(-8) + 71/h. Suppose -16*a - 62 = -3230. Calculate the highest common factor of g and a.
18
Let z be (4 - 7 - -1)*-7. Let k be (z/(-3))/((-10)/75). Calculate the greatest common divisor of k and 7.
7
Let j(q) = -5*q**2 + 12 - 6*q - q**2 - q**3 + 16*q + 5. Let b be j(-7). Let c = 9 - b. What is the greatest common divisor of c and 13?
13
Suppose -49*x = -46*x - 18. What is the greatest common factor of 102 and x?
6
Suppose -3 = 4*m - 35. Let a be -1*5/((-10)/m). Suppose 5*z - 28 = -3*r + r, 5*r = a*z + 4. Calculate the highest common divisor of z and 12.
4
Let f be (-25 - -8)*1*-27. What is the highest common divisor of 54 and f?
27
Let n = -10 - -15. Suppose 0*p = -n*p + 325. Calculate the greatest common factor of 13 and p.
13
Let x(m) = -15*m**3. Suppose -5*c - 10 = -5. Let k be x(c). Calculate the highest common divisor of 45 and k.
15
Let n = 1033 + -406. What is the greatest common divisor of 57 and n?
57
Let s be (-152)/(-7) - (6 + 88/(-14)). Calculate the highest common factor of s and 6.
2
Let v(i) = -i**2 - 8*i - 9. Let c be v(-5). Suppose d = -c*y + 7*y, 16 = 4*y. Suppose d*h = -0*h + 16. What is the highest common divisor of h and 32?
4
Let p(q) = -8*q**3 + q**2 + q + 1. Let c be p(-1). Let t = -476 + 774. Let h = t + -199. What is the highest common divisor of c and h?
9
Suppose 0 = 10*y - 14*y + 80. Suppose 5*j - y = j. Calculate the highest common divisor of j and 45.
5
Suppose 2*i = 2, 288*x - 285*x = -i + 25. Let q(g) = -g + 4. Let l be q(6). Let d be 1 - (-2 - (l + 3)). What is the highest common factor of x and d?
4
Let t = 1868 - 1117. Let i = t - 364. What is the highest common divisor of 43 and i?
43
Let i = -4 + 7. Suppose 0 = -i*h - 9, 4*h + 2 = -2*m - 0*m. Suppose m*n - n = 16. Calculate the greatest common divisor of 4 and n.
4
Let q be -4 - 194/(-6)*-3. Let i = q + 120. Calculate the greatest common factor of 76 and i.
19
Let s be -4 - -1*21/3. Suppose -4*g + 33 = -s. Let k(f) = 3*f - 6. Let d be k(5). Calculate the highest common divisor of d and g.
9
Suppose -3*i + 767 = 2*d + 279, 0 = -2*i - 3*d + 327. Calculate the highest common divisor of 189 and i.
27
Let s(a) = a**2 - 10. Let h be s(6). Suppose 3*t = 4*t - 8. Suppose w - 73 + t = 0. Calculate the highest common divisor of w and h.
13
Let v be 1039/6 + (10/12)/(-5). Suppose 4*p = v + 439. Calculate the greatest common divisor of p and 17.
17
Let u(o) = -4*o + 59. Let w be u(13). Calculate the highest common divisor of 4 and w.
1
Let k be -48*(12/(-8) - 0). Suppose k = -3*h + 7*h. Let s = 29 - h. What is the greatest common factor of s and 55?
11
Let w(h) = -2*h**2 + 2*h**3 - h + 1 + 4*h - 2*h. Let b = -26 - -29. Let j be w(b). Calculate the greatest common factor of j and 16.
8
Let o be (-2)/7 - (-44)/7. Let t(v) = v**3 - 5*v**2 + 6*v + 5. Let f be t(o). Let h be 8/1 + 1 - (2 - 0). Calculate the highest common divisor of h and f.
7
Let j = 48 - 50. Let v be ((-267)/(-6) + 3)/j*-4. Calculate the greatest common divisor of 38 and v.
19
Suppose -16*c + 18*c = 56. What is the greatest common factor of c and 231?
7
Suppose 0 = -2*j - 3*p + 5*p + 90, 3*p = 5*j - 227. Calculate the greatest common factor of j and 23.
23
Let t be 127 + 0/8 + (-2 - -1). What is the highest common divisor of 84 and t?
42
Let x be (10/(-4) - -1)/((-171)/912). Calculate the highest common divisor of 536 and x.
8
Let n be (-4 - -5) + (1 - -7). Suppose 9*p - 488 - 1807 = 0. Suppose p = 4*f - 0*l + 3*l, -l + 64 = f. Calculate the highest common factor of f and n.
9
Suppose 5 + 1 = 3*v. Let r be 8/(-20)*25/(-2). Suppose 0 = 4*b - r*y - 68, 3*b + 0*b - 5*y = 46. What is the greatest common divisor of b and v?
2
Let m = 736 - 717. What is the highest common factor of 475 and m?
19
Let b = 1679 + -1532. Calculate the highest common divisor of b and 252.
21
Let s = -1480 - -2085. Suppose -q = 3*q - f - 479, 5*q + 5*f = s. Calculate the greatest common factor of q and 15.
15
Suppose 5*s - 5*x = 535, -4*s - 3*x + 247 = -209. Calculate the greatest common factor of 37 and s.
37
Let s = -40 - -40. Let g(u) = 2*u + 45. Let y be g(s). Calculate the greatest common factor of 9 and y.
9
Suppose -5*o + 258 + 367 = 0. Calculate the greatest common factor of 100 and o.
25
Let i = 759 + -694. Calculate the highest common divisor of 39 and i.
13
Suppose -2*b - 2*b + 6 = -5*r, 0 = -4*r - b + 12. Suppose -r*w + 128 = -w. Calculate the greatest common factor of w and 32.
32
Let q = -5 - -4. Let u be (q - 33/21)/((-3)/63). Calculate the highest common divisor of u and 6.
6
Suppose -904 = -30*b + 416. What is the greatest common factor of 33 and b?
11
Let j = -342 - -345. Calculate the greatest common divisor of j and 2.
1
Suppose 18*g + 8 = 22*g. Suppose 4*u - g*u = 528. Calculate the greatest common factor of 24 and u.
24
Let l = -170 - -355. What is the highest common factor of l and 74?
37
Let b(x) = -x + 5. Let s be b(6). Let q = 23 - s. Let w = 3 - -9. What is the greatest common divisor of q and w?
12
Suppose 4*c - 4*a - 296 = 0, -51*c + 49*c + 156 = 2*a. What is the greatest common factor of c and 209?
19
Let u(l) = 147*l - 55. Let x be u(4). Calculate the greatest common divisor of x and 41.
41
Let a be (-13)/1*(-3)/(-1). Let m = a - -77. Let c = 246 - 151. What is the greatest common factor of c and m?
19
Let h be 36/((-14)/18*(-33)/154). Calculate the highest common factor of h and 8.
8
Let i = 0 + 3. Let j = 9 + i. Suppose -3*x + j = x. Calculate the greatest common divisor of x and 12.
3
Let j be 65/26 + (-1)/2. Suppose -4 = -5*n + 3*n. Suppose b + x = -3*b + 31, -5*x + 11 = n*b. Calculate the greatest common factor of j and b.
2
Suppose k - p = 30, 4*p - 167 = -4*k - 63. What is the highest common divisor of k and 532?
28
Suppose 4 + 4 = d - m, 2*d - 4 = -2*m. Let b = -12 - 18. Let q = b + 45. Calculate the highest common factor of q and d.
5
Suppose -m + 1 = 3*u, 4*m - 5*u + 15 = -15. Let a = 0 - m. Suppose 107 + a = i. Calculate the greatest common factor of i and 14.
14
Let m = -147 - -152. Suppose m*r = 24*r - 38. Calculate the highest common factor of 34 and r.
2
Let q = -220 + 400. What is the highest common divisor of q and 120?
60
Suppose -209 = -3*p + 256. Suppose -8*g + 3*g = -p. Let x(f) = -f**3 + 2*f + 31. Let j be x(0). Calculate the greatest common divisor of j and g.
31
Suppose -3*k + 0*p - 3*p = 33, 2*k + p = -19. Let q be (2/(-3))/(k/228). Let d = 34 - q. What is the highest common factor of d and 75?
15
Suppose -2*h = -806 - 42. What is the highest common divisor of 318 and h?
106
Suppose -11*z + 10*z + 53 = 2*v, 3*v - 78 = -3*z. Let j be 2 + 0 - (-52 - 0). Calculate the greatest common factor of j and v.
27
Let n be (-17 + 7)/(2/(-6)). Let k = -78 + 228. What is the highest common divisor of k and n?
30
Let c(n) be the second derivative of -1/2*n**3 + 0 + 1/4*n**4 - 2*n + 3/2*n**2. Let r be c(5). What is the highest common factor of 9 and r?
9
Let n be 1/(-2 + (-22)/(-12)). Let k be 2/n*3 - -15. Suppose 0 = -v, q = -v + 22 + k. What is the greatest common divisor of q and 18?
18
Suppose 4*o - 27 - 21 = 0. Let j be (-12)/(-90)*5*9/1. Calculate the greatest common divisor of o and j.
6
Let a be 11/(-2 - 19/(-9)). Let g = -53 + a. What is the highest common divisor of g and 414?
46
Suppose -y = -11 + 2. Let d(j) = 2*j**2 + 11*j + 21. Let i be d(-6). What is the highest common divisor of y and i?
9